 greatest common divisor of 13 and y.
13
Suppose 3*n + 0*n - 5*w = 128, -2*n - 2*w = -64. Calculate the greatest common divisor of n and 4.
4
Suppose 168 = -5*j + 9*j. What is the greatest common divisor of 6 and j?
6
Let z(g) = 3*g**2 + g - 2. Let c be z(6). Calculate the highest common factor of 14 and c.
14
Suppose 0 = -2*p + 3*p - 4. What is the highest common factor of p and 32?
4
Let o = 13 + -18. Let w = o + 15. What is the highest common divisor of w and 90?
10
Let p be (-652)/(-18) - 18/81. Let g be (-4)/(-18) + 1288/p. Suppose -u + 12 = 2*u. What is the greatest common divisor of u and g?
4
Let f be 1 + (2 - -28 - 1). What is the highest common divisor of f and 10?
10
Suppose -3*l - 4*c = -2*c - 63, -2*l + 4*c + 42 = 0. Suppose 0 = m - l + 6. What is the greatest common divisor of m and 6?
3
Suppose 8*i - 3192 + 632 = 0. Calculate the highest common factor of 64 and i.
64
Suppose 0 = 5*j - 7*k + 4*k - 8, -4*j - 3*k = -28. Let g be (-2)/3*(-150)/j. Let y = g - 18. Calculate the greatest common factor of y and 77.
7
Let l be (-269)/(-3) + (-1)/(-3). Let z be 90/(-15)*7/(-2). Suppose z*t = 16*t + 50. Calculate the highest common divisor of l and t.
10
Let g = 38 + -19. What is the greatest common factor of g and 95?
19
Suppose 3*k + 2*k - 945 = 0. Suppose 3*j + 21 - k = 0. Calculate the greatest common factor of j and 8.
8
Let r(y) = y + 1. Let l be r(3). Let o be 2/l - (-34)/4. What is the greatest common divisor of o and 18?
9
Suppose -j + 20 = 2. What is the greatest common divisor of 2 and j?
2
Let l = 7 - 3. Suppose 4*u - 8 = 3*u. What is the greatest common divisor of l and u?
4
Suppose -3*h - 2*h = 4*b - 533, 4*h = -4*b + 428. Suppose -5*p + h - 5 = 0. What is the greatest common factor of p and 30?
10
Suppose -10*q = -6*q - 28. Let t(u) = -5*u**2 + 0 + u**3 + 4*u - 4 - 2. Let i be t(5). What is the highest common divisor of i and q?
7
Let b be 211/5 + (-4)/20. What is the highest common divisor of b and 168?
42
Let v(n) be the third derivative of n**4/24 + 4*n**3/3 + 9*n**2. Let y be v(-5). What is the greatest common factor of y and 21?
3
Let m(o) = 8*o**2 - 3*o + 4. Let b be m(2). What is the highest common divisor of 75 and b?
15
Let w = 197 - 133. What is the highest common factor of w and 8?
8
Let l(j) = j**3 - j**2 + 28. Let k be l(0). Suppose u + 276 = 4*m, 81 + 47 = 2*m - 3*u. What is the highest common factor of k and m?
14
Suppose -28 = -46*x + 45*x. Calculate the highest common factor of x and 70.
14
Let i(z) = -z**3 + 13*z**2 - 8*z + 24. Let d be i(12). Suppose 4*p + 1 = -2*n + 3*n, -2*p = -n + 5. What is the highest common divisor of d and n?
9
Suppose 0 = 2*v - d - 12, 0 = v - 4*d - 13 - 7. Suppose 0 = -v*f - 5*h + 24, -3*f + 5*h + 6 = -2*f. What is the greatest common factor of 54 and f?
6
Let y = 2 + 1. Suppose 2*d + y*d = 1045. Calculate the greatest common factor of 19 and d.
19
Let i(b) = b**3 + 5*b**2 - b - 1. Let v be i(-5). Let y = 23 - 17. Calculate the highest common factor of y and v.
2
Let a = -16 - -25. Let y be 10 + -4 + (-1)/(-1). Suppose -3*n - 288 = -y*n. Calculate the greatest common divisor of n and a.
9
Suppose 4*r + 1 = 169. What is the greatest common factor of r and 6?
6
Suppose 0*o = -2*o + 22. What is the highest common divisor of o and 1?
1
Let d = 108 + -66. Let w = 22 - 15. What is the highest common factor of d and w?
7
Let g(c) = c**3 + 9*c**2 - 3*c - 15. Let i be g(-9). Calculate the highest common divisor of i and 48.
12
Suppose -2*n - 1 = -3. Let x be n/(-4) - 25/(-4). Suppose 0 = 2*g + 1 - 133. Calculate the greatest common divisor of g and x.
6
Let v(r) = r + 16. Let z be v(0). What is the highest common divisor of 16 and z?
16
Let d(p) = -p**3 + 7*p**2 + 11*p - 9. Let h be d(8). Calculate the highest common divisor of h and 3.
3
Suppose -4*n + 86 = 10. Let c = n - -23. Calculate the highest common divisor of c and 6.
6
Let z be (-1)/((-2)/(-2)*1). Let v = 1 - z. Suppose 3*h = -v*h + 15. What is the greatest common factor of 15 and h?
3
Let l(p) = 2*p - 6. Let c be l(4). Suppose c*j = -j + 15. Suppose 104 = j*v - v. What is the greatest common divisor of v and 39?
13
Let o be -1 - 10/3*(-42)/4. What is the highest common divisor of o and 136?
34
Let z(x) = 3*x**2 + x + 3. Let w be z(0). Calculate the greatest common factor of 51 and w.
3
Let m = 193 - 97. Let x(p) be the second derivative of -p**4/12 + 5*p**3/3 + 3*p**2/2 + 2*p. Let j be x(7). What is the highest common factor of j and m?
24
Suppose -575 = 5*a - 1950. Suppose t - 17 = 8. Calculate the highest common factor of t and a.
25
Suppose -f + g = -9, 0 = 7*f - 12*f + g + 53. Let c = -4 + 5. What is the highest common divisor of c and f?
1
Let h(x) = 4*x + 4. Let z be h(5). What is the greatest common factor of 6 and z?
6
Suppose -5*o = -3*p + 47, 2*p - o + 4*o = 6. Suppose -8*s + 49 = -455. Calculate the highest common divisor of p and s.
9
Let m be -9*5/(-15)*5. Calculate the greatest common divisor of 15 and m.
15
Let f(b) = -b**2 + 9*b - 6. Let a be f(6). Let z be (111/9)/((-1)/(-6)). Let q = z + 22. What is the highest common factor of a and q?
12
Let l be (-26 + 12/(-6))*-5. Calculate the highest common divisor of l and 20.
20
Let w(z) = 9*z + z - 2*z + 1. Let p be w(1). What is the greatest common factor of p and 1?
1
Suppose 0 = 4*b + 4*s - 40, -4*s + s - 40 = -2*b. Suppose 4*j - 114 - b = 0. What is the greatest common divisor of j and 8?
8
Let w = 42 + 79. Calculate the greatest common divisor of w and 22.
11
Let k = -32 - -50. Suppose 0 = -3*g + 12 + k. What is the highest common factor of 4 and g?
2
Let b(q) = q**2 - 3*q - 1. Let c be b(3). Let u be (-135)/(-12) - c/(-4). What is the highest common divisor of 88 and u?
11
Suppose -3*m - 3*p = -150, m - 3*p - 75 = -m. What is the highest common factor of m and 18?
9
Let v(z) = -370*z + 1. Let m be v(4). Let p = -14 - -19. Let b be 2/p - m/15. Calculate the highest common factor of b and 9.
9
Let o(t) = 12*t**2 - 2*t - 3. Let f be o(-1). Calculate the highest common factor of 33 and f.
11
Let q be -3 - -5 - -11 - 1. Calculate the highest common divisor of 24 and q.
12
Suppose 0 = -3*b - 15, 0*b - 11 = y + 3*b. Let t be 404/20 + y/(-20). What is the greatest common factor of t and 5?
5
Suppose 6 = x + 2*x. Calculate the greatest common factor of x and 3.
1
Suppose 0 = -o - 3 + 5. Let n be 11/2*(o + 18). Calculate the highest common factor of n and 10.
10
Suppose -4*f + 4 = -0*f. Let k be 3 + f - (1 + 1). Let r be 1 - (-15)/(k - 1). What is the greatest common divisor of r and 112?
16
Let f be (5/20)/(((-3)/28)/(-3)). What is the highest common divisor of f and 63?
7
Suppose k + 2*k = -5*i - 94, -3*i - 63 = 2*k. Let z = k + 93. What is the highest common factor of z and 15?
15
Suppose 4*o - 361 - 35 = 0. Let r(p) = -p + 5. Let q be r(-6). What is the greatest common divisor of q and o?
11
Suppose 5*d = -5, -s + 4*d + 6 = -3. What is the greatest common factor of 5 and s?
5
Let i = 192 - 180. Suppose -j + 0*j + 108 = 0. Calculate the greatest common factor of i and j.
12
Let d(y) = -y**2 + 6*y + 13. Let a be d(6). What is the greatest common factor of a and 91?
13
Let k be (-1)/((-2)/20)*(-225)/(-18). Let d(l) = -l**2 + 7*l - 2. Let v be d(-6). Let m = v + k. Calculate the greatest common factor of m and 5.
5
Let k(n) = 4*n**2 + 4*n + 4. Let h be k(-1). What is the greatest common factor of 28 and h?
4
Let b = 11 + -8. Suppose 0 = -4*f - b*v + 1569, -3*f - 133 + 1308 = 4*v. Suppose -407 - f = -5*q. Calculate the highest common factor of 16 and q.
16
Let v = 26 + -24. Let p(j) = -j**3 + 3*j**2 + 4*j + 4. Let a be p(4). Suppose -3*q - a + 64 = 0. Calculate the greatest common divisor of v and q.
2
Let n be ((-9)/(-4))/(3/12). Let v = 262 - 367. Let w be ((-12)/5)/(14/v). Calculate the highest common divisor of w and n.
9
Suppose -2*a + 1 = -n - 0*n, -3*n + 3 = -3*a. Let x be n/(4*3/228). Calculate the greatest common divisor of 19 and x.
19
Suppose -3*o + 36 = 3*k - 0, 36 = 3*o - 3*k. Calculate the greatest common factor of 36 and o.
12
Let c = 11 + -8. Suppose c*d + 4*j = 64, d - 2*d = -j - 26. What is the highest common divisor of d and 192?
24
Let g = -11 - -12. Let f = 8 + -6. Suppose -f*x = -x - 4. What is the greatest common factor of x and g?
1
Let o = 124 